 of 127660?
6
What is the ten thousands digit of 1021582?
2
What is the millions digit of 3966503?
3
What is the units digit of 3870616?
6
What is the thousands digit of 5804005?
4
What is the thousands digit of 111511?
1
What is the hundred thousands digit of 354287?
3
What is the ten thousands digit of 83249?
8
What is the ten thousands digit of 639723?
3
What is the hundred thousands digit of 1120742?
1
What is the ten thousands digit of 1576051?
7
What is the tens digit of 167224?
2
What is the tens digit of 322823?
2
What is the tens digit of 590196?
9
What is the millions digit of 17947124?
7
What is the millions digit of 4030209?
4
What is the thousands digit of 258332?
8
What is the hundreds digit of 6604033?
0
What is the units digit of 2048365?
5
What is the tens digit of 736889?
8
What is the thousands digit of 651010?
1
What is the ten thousands digit of 137239?
3
What is the hundreds digit of 123096?
0
What is the hundreds digit of 5746208?
2
What is the tens digit of 115213?
1
What is the units digit of 724356?
6
What is the ten thousands digit of 255897?
5
What is the hundreds digit of 7807175?
1
What is the hundred thousands digit of 931253?
9
What is the hundreds digit of 5159905?
9
What is the millions digit of 1108770?
1
What is the hundred thousands digit of 152156?
1
What is the hundred thousands digit of 495382?
4
What is the units digit of 1133013?
3
What is the tens digit of 751160?
6
What is the hundreds digit of 288293?
2
What is the hundreds digit of 5019932?
9
What is the units digit of 471093?
3
What is the hundreds digit of 608986?
9
What is the units digit of 2273550?
0
What is the tens digit of 90517?
1
What is the tens digit of 31116112?
1
What is the units digit of 370964?
4
What is the hundreds digit of 6729166?
1
What is the ten thousands digit of 6328646?
2
What is the thousands digit of 1091020?
1
What is the hundreds digit of 11266183?
1
What is the thousands digit of 528771?
8
What is the hundreds digit of 57757?
7
What is the ten thousands digit of 408458?
0
What is the thousands digit of 4606411?
6
What is the units digit of 22292?
2
What is the hundred thousands digit of 131547?
1
What is the ten thousands digit of 553236?
5
What is the hundreds digit of 13627576?
5
What is the hundreds digit of 16809?
8
What is the hundreds digit of 13731510?
5
What is the hundreds digit of 704143?
1
What is the hundreds digit of 7502408?
4
What is the units digit of 232015?
5
What is the hundred thousands digit of 1230079?
2
What is the hundreds digit of 2106370?
3
What is the hundred thousands digit of 530060?
5
What is the hundreds digit of 3102253?
2
What is the units digit of 1051216?
6
What is the thousands digit of 190501?
0
What is the tens digit of 1769506?
0
What is the hundreds digit of 331509?
5
What is the hundred thousands digit of 338623?
3
What is the thousands digit of 5098323?
8
What is the tens digit of 466099?
9
What is the ten thousands digit of 1311393?
1
What is the thousands digit of 4262040?
2
What is the millions digit of 8281589?
8
What is the hundreds digit of 120552?
5
What is the units digit of 4331229?
9
What is the hundreds digit of 136637?
6
What is the ten thousands digit of 17486?
1
What is the ten thousands digit of 4568068?
6
What is the hundreds digit of 376672?
6
What is the tens digit of 7771394?
9
What is the hundred thousands digit of 355878?
3
What is the tens digit of 1372549?
4
What is the ten millions digit of 11865355?
1
What is the thousands digit of 477987?
7
What is the hundreds digit of 1974364?
3
What is the ten thousands digit of 1019431?
1
What is the hundreds digit of 412697?
6
What is the units digit of 1339696?
6
What is the ten thousands digit of 470819?
7
What is the units digit of 521477?
7
What is the hundred thousands digit of 421602?
4
What is the millions digit of 2790513?
2
What is the thousands digit of 18336?
8
What is the thousands digit of 638104?
8
What is the tens digit of 9930159?
5
What is the thousands digit of 260284?
0
What is the units digit of 10164347?
7
What is the hundreds digit of 1201664?
6
What is the ten millions digit of 13489620?
1
What is the hundreds digit of 24743?
7
What is the units digit of 23684125?
5
What is the units digit of 168046?
6
What is the hundreds digit of 2846832?
8
What is the hundred thousands digit of 243418?
2
What is the hundred thousands digit of 885959?
8
What is the units digit of 722264?
4
What is the hundreds digit of 223598?
5
What is the ten thousands digit of 6569124?
6
What is the units digit of 4524026?
6
What is the thousands digit of 4845572?
5
What is the ten thousands digit of 10349378?
4
What is the thousands digit of 12457936?
7
What is the hundreds digit of 577212?
2
What is the ten thousands digit of 3495219?
9
What is the units digit of 263785?
5
What is the hundred thousands digit of 1297852?
2
What is the tens digit of 1438?
3
What is the hundreds digit of 639815?
8
What is the thousands digit of 222172?
2
What is the hundreds digit of 632924?
9
What is the tens digit of 1515513?
1
What is the thousands digit of 25354?
5
What is the tens digit of 3156248?
4
What is the units digit of 10967589?
9
What is the hundred thousands digit of 364769?
3
What is the units digit of 30466353?
3
What is the tens digit of 260205?
0
What is the thousands digit of 166590?
6
What is the thousands digit of 7668305?
8
What is the hundred thousands digit of 22283244?
2
What is the units digit of 116877?
7
What is the hundred thousands digit of 199991?
1
What is the ten thousands digit of 321107?
2
What is the tens digit of 8264970?
7
What is the hundreds digit of 12950977?
9
What is the hundred thousands digit of 2476678?
4
What is the hundreds digit of 14520445?
4
What is the tens digit of 1150137?
3
What is the units digit of 23177?
7
What is the thousands digit of 8585271?
5
What is the tens digit of 38204?
0
What is the hundreds digit of 545745?
7
What is the hundreds digit of 189337?
3
What is the hundred thousands digit of 157128?
1
What is the hundreds digit of 4077906?
9
What is the thousands digit of 5564439?
4
What is the hundred thousands digit of 8774590?
7
What is the ten thousands digit of 40380276?
8
What is the units digit of 2941555?
5
What is the millions digit of 1547188?
1
What is the thousands digit of 227391?
7
What is the hundred thousands digit of 306908?
3
What is the thousands digit of 269118?
9
What is the thousands digit of 22551875?
1
What is the ten thousands digit of 153114?
5
What is the millions digit of 1381572?
1
What is the tens digit of 1448838?
3
What is the hundred thousands digit of 2785340?
7
What is the hundred thousands digit of 319577?
3
What is the hundred thousands digit of 575665?
5
What is the tens digit of 9134?
3
What is the tens digit of 25906098?
9
What is the units digit of 3894669?
9
What is the ten thousands digit of 91686?
9
What is the hundreds digit of 11235370?
3
What is the hundreds digit of 2771024?
0
What is the hundred thousands digit of 341988?
3
What is the millions digit of 13458929?
3
What is the thousands digit of 82616?
2
What is the millions digit of 13848909?
3
What is the ten thousands digit of 223426?
2
What is the thousands digit of 731219?
1
What is the units digit of 4493378?
8
What is the units digit of 2731515?
5
What is the units digit of 981532?
2
What is the units digit of 1289492?
2
What is the hundreds digit of 9855822?
8
What is the units digit of 1459437?
7
What is the thousands digit of 3631394?
1
What is the units digit of 210161?
1
What is the hundreds digit of 10073222?
2
What is the tens digit of 7387016?
1
What is the tens digit of 1040088?
8
What is the hundreds digit of 4290315?
3
What is the hundred thousands digit of 3176123?
1
What is the thousands digit of 1593525?
3
What is the hundred thousands digit of 12344734?
3
What is the ten thousands digit of 13325521?
2
What is the ten thousands digit of 16090949?
9
What is the thousands digit of 8795513?
5
What is the ten thousands digit of 4633133?
3
What is the millions digit of 1230006?
1
What is the tens digit of 479467?
6
What is the hundred thousands digit of 1613296?
6
What is the millions digit of 6726407?
6
What is the units digit of 1448472?
2
What is th